housands digit of x(5)?
7
Suppose 27*t + 7267 = 32296. Suppose t = 7*z - 6*z. What is the units digit of z?
7
Let j(t) = 588*t**2 - t. Let p be j(-1). Let z = p - 222. What is the hundreds digit of z?
3
Let a = -647 + 1487. Let b = -306 + a. What is the tens digit of b?
3
Suppose -17*i + 26 = -19*i. Let g(q) = q + 19. Let v be g(i). Suppose -1005 = -v*w + w. What is the units digit of w?
1
Let q = 1133 + -2047. Let v = q + 1484. What is the units digit of v?
0
Let n = 33 + -23. What is the units digit of (-56 + -9)*(-76)/n?
4
Suppose l - 49386 = -5*v, -486*v - 49380 = -l - 485*v. What is the thousands digit of l?
9
Let l(x) = 3 + x - 3*x - 47*x**3 - 5 + 0*x. Suppose -13*b = 2 + 11. What is the units digit of l(b)?
7
Let w(k) = k**2 + 20*k - 56. Let g be w(-22). Let q(x) = -46*x + 143. What is the units digit of q(g)?
5
Let z be (-4)/6 - 210/(-45). What is the units digit of (z/(-8))/((-5)/2680)?
8
Let c = 48 - 46. Suppose c*f - 4*j - j - 88 = 0, -3*j = -2*f + 88. What is the units digit of f?
4
Let s = -1730 + 1732. Let y be 2/(-8) + 1/4. Suppose y = -s*f - 0*f + 158. What is the units digit of f?
9
Let h be (-1*(-866)/(-6))/(15/(-45)). Let v = h - -147. What is the units digit of v?
0
Let g(m) = 41*m + 10. Let i = 172 + -160. What is the units digit of g(i)?
2
Let h(v) = 223*v - 36. Let f = -7 - -12. What is the hundreds digit of h(f)?
0
Let i(z) = 10*z - 76. Let q be i(8). Suppose q*a + 959 = 3*u, -3*u + 2*a + 962 = a. What is the units digit of u?
1
Let x = 186 - 184. What is the units digit of 3/x + 5775/6?
4
Let v(n) = -11*n**3 + 45*n**2 - 22*n - 68. Let t(x) = 4*x**3 - 15*x**2 + 7*x + 23. Let z(m) = 17*t(m) + 6*v(m). What is the hundreds digit of z(-7)?
1
Let b(p) = p**3 - 11*p + 155 + 0*p**3 - 138 + 11*p**2. Let c be b(-12). Suppose -c*v + 164 = -v. What is the units digit of v?
1
Suppose 4*a = 20, 2*a + 97 = -5*w - 83. Let p = w - -889. What is the tens digit of p?
5
Let k = 2010 - 1342. What is the tens digit of k?
6
Let h = -9482 - -19275. What is the thousands digit of h?
9
Suppose 0 = -16*z + 100901 + 27659. What is the hundreds digit of z?
0
Let a = 10619 - 10145. What is the tens digit of a?
7
Suppose 0 = -2*o + 88*v - 83*v + 681, -1027 = -3*o + 2*v. What is the tens digit of o?
4
Let o = 3280 - 2041. What is the tens digit of o?
3
Let o = 53264 - 22596. What is the units digit of o?
8
Suppose 0 = 2*r - 2*v - v - 13, 5*r - 5*v - 40 = 0. Suppose -m + 16 = -h, -5*h - 53 = -4*m + r. What is the units digit of (1 - (-2)/(-2)) + m?
6
Suppose 6*p - 36 = 66. Let b = 16 - 16. Suppose p*d - d - 1808 = b. What is the units digit of d?
3
Let m(t) = 16*t**3 - 25*t - 7. Let p(s) = -s**2 - 2*s - 1. Let v(o) = m(o) - 2*p(o). What is the hundreds digit of v(4)?
9
Let z = 5896 + -2168. Suppose 0 = 6*k - 3*k - d - z, d = -4*k + 4959. What is the tens digit of k?
4
Let z be -21*((-52)/30 - (-9)/(-15)). Suppose 13*l - 16 = z. Suppose 86 + 205 = 5*h + p, l*p = 5*h - 285. What is the units digit of h?
8
Let h(p) = 4*p**2 + 15*p - 4. Let w be h(-4). Suppose 2*c - 256 = -2*m, w*c + 2*c - 625 = -5*m. Let q = 212 - m. What is the tens digit of q?
8
Let p(u) be the first derivative of 13*u**3/3 + 33*u**2/2 + 13*u - 101. What is the tens digit of p(-10)?
8
Let r be (-11 - -19) + (1834 - 2). Suppose 0 = 3*f - 4*g - 1489 - 1237, r = 2*f + 3*g. What is the hundreds digit of f?
9
Let g(t) be the third derivative of -t**4/24 + 11*t**3/6 + 2*t**2. Let d be g(6). What is the tens digit of -4 + 5/(d/123)?
1
Let u = 7 + -4. Let r = 1058 - 1054. Suppose 0 = r*y + 5*g - 307, -u*y - g = y - 327. What is the tens digit of y?
8
Suppose 0 = 130*x - 136*x + 22428. What is the units digit of x?
8
Let m(h) = -5*h - 9. Suppose -4*k - 11 = -43. Suppose j + k = -2. What is the units digit of m(j)?
1
What is the thousands digit of 5 - (-33835 + 1) - (-5 - 2)?
3
Suppose 5*t - 46206 = g, t + 4*g = 3179 + 6079. What is the tens digit of t?
4
Let m = 72 - -13279. What is the ten thousands digit of m?
1
Suppose 9775 = 29*k - 24*k. Suppose -14*w = -19*w + k. What is the hundreds digit of w?
3
Let z(t) = 92*t - 1. Suppose -3*i + 4*k - 77 = 0, -k - 135 - 1 = 5*i. Let c = i - -28. What is the units digit of z(c)?
1
Let b(j) = 27*j**2 + 12*j + 100. Let w be b(10). Let z = w - 1631. What is the units digit of z?
9
Suppose -390 = -5*m - 8*u + 3*u, -u = -m + 88. Suppose 0 = -5*s - 92 - m. Let b = 54 + s. What is the tens digit of b?
1
Let b = 1056 + -439. Suppose u = n + b, -n = -0*n - 5. What is the hundreds digit of u?
6
Let w = 150 + -230. Let f = 86 + w. Suppose 0 = 3*z + 2*n - 629, 4*z + 7*n = f*n + 832. What is the tens digit of z?
0
Let a = 77 - 66. Suppose -3 - a = 7*s. Let u(m) = -14*m**3 + 5*m**2 + 5*m. What is the units digit of u(s)?
2
Let l = -464 - -276. What is the tens digit of 22*(9 + -6)*l/(-24)?
1
Let x = 30498 + -20562. What is the hundreds digit of x?
9
Suppose 4*f = -2*l - 18, 4*l = -f + 5*f. Let z be (-6)/l + 3/3. Suppose 0*r + 3*r = 2*c + 492, -341 = -2*r - z*c. What is the units digit of r?
6
Suppose -72 = -4*d - 24. Suppose -d*k - 731 + 5159 = 0. What is the tens digit of k?
6
Let a(g) = -11867*g - 1478. What is the hundreds digit of a(-3)?
1
Let d = -763 + 380. Let u = d + 1009. What is the tens digit of u?
2
Suppose 6*a = -3*s + 3*a + 177, 3*s + a = 171. What is the hundreds digit of s*2*154/88?
1
Let k be (-22 - (-6 + 5))*(3 - -3). What is the tens digit of 7/(k/45)*(-772)/5?
8
Let w(c) = 15*c**3 + 5*c**2 - 6*c + 3. Let s = 122 - 120. What is the units digit of w(s)?
1
Suppose 2*k - 5*a + 59 = 0, -a - 178 = 5*k + 37. Let g(z) = z**3 + 40*z**2 - 86*z + 89. What is the hundreds digit of g(k)?
1
Suppose -k = 145 + 118. Let j = -314 - 155. Let s = k - j. What is the tens digit of s?
0
Let n(f) = f**2 - 15*f + 69. Let m be n(7). Suppose -1655 = -m*a - 186. What is the tens digit of a?
1
Let p(w) = -4*w**2 + 3*w + 2. Let h(q) = -7*q - 5*q**2 + 9*q**2 + 4*q**2 - 12 + 7. Let c(u) = 3*h(u) + 5*p(u). What is the hundreds digit of c(6)?
1
Let x(c) = -c**3 + 7*c + 1. Let k(a) = 3*a - 16. Let i be k(20). Suppose 9*l + 10 = -i. What is the units digit of x(l)?
5
Let r(h) be the third derivative of -1/20*h**5 + 0 + 0*h + 1/8*h**4 + 1/6*h**3 - h**2 - 7/40*h**6. What is the hundreds digit of r(-2)?
1
What is the ten thousands digit of 15869 + (3 + 0 - 3) - (308 + -311)?
1
Let x = 63 + -48. Let t = 28 - x. Suppose 5*l = 5*y + 810, t = 2*l - 5*y - 314. What is the units digit of l?
1
Let y be 4/18 - 699820/(-495). Suppose 37*a = 10035 - y. What is the hundreds digit of a?
2
What is the ten thousands digit of (-150065)/(-2)*(-25 + 2921/115)?
3
Let x(j) = j**3 - 40*j**2 + 92*j - 150. What is the hundreds digit of x(40)?
5
Let w(m) = 153*m**2 - 108*m - 999. What is the tens digit of w(-8)?
5
Let v = -240 + 242. Suppose -j - 5*t + 1421 = 0, 2830 = v*j + 15*t - 17*t. What is the tens digit of j?
1
Let v = 38985 - 6858. What is the tens digit of v?
2
Let q(w) = w**3 - 14*w**2 + 20*w - 31. Let k be -6*((-10)/16)/(2/8). Let i be q(k). Suppose -2*l + i = 3*l + 3*m, -m = -5*l + 502. What is the tens digit of l?
0
Let h(k) = k**3 + 9*k**2 + 8*k + 35. Let y(g) = 0*g**2 - 3*g**2 + 2*g + g**3 - 4*g. Let c be y(3). What is the units digit of h(c)?
5
Let t = -251 + 251. Suppose t = 16*s - 6*s - 1440. What is the units digit of s?
4
Suppose x - 1433 = 4*f + 6*x, 2*f + 699 = x. Let o = 586 + f. What is the tens digit of o?
3
What is the hundreds digit of (1616/(-12))/(72/(-14688))?
4
Let a(l) = 7*l - 21. Let c(g) = -g**2 - 6*g + 18. Let z be c(-9). Let m be a(z). Let i = m + 142. What is the tens digit of i?
5
Let v(m) = 9*m**2 - 139*m + 963. What is the hundreds digit of v(53)?
8
Let b(p) = 31*p**3 + 9*p**2 + 2*p - 73. Let r(v) = 14*v**3 + 4*v**2 + v - 37. Let w(h) = -4*b(h) + 9*r(h). What is the units digit of w(6)?
7
Let i = -297 - -498. Let f = i - 51. Suppose 5*y = 575 - f. What is the units digit of y?
5
Suppose 11740 + 13242 = c + 4*x, -25 = 5*x. What is the ten thousands digit of c?
2
Let z be 0/(-1)*57/(-114). Suppose -2*d - 5*x = -1382, z*x = 4*d - 3*x - 2738. What is the hundreds digit of d?
6
Let w(u) = 2*u**2 + 14*u + 14. Let c be w(-11). What is the tens digit of (c/(-12) - -3)*-86?
7
Let k = 47727 - -4146. What is the ten thousands digit of k?
5
Suppose -14*s - 10*s = 55682 - 251